- -235).
12
Calculate 5 + 0 + (0 - 2) + (-3 - -10).
10
What is the value of (0 - 1) + (-4 - 0) + (-191 - -194)?
-2
1 + (2 - -3) + -13
-7
Evaluate -2 + -2 + (-36 - -37 - -4).
1
Evaluate 5 + 14 - 8 - 25.
-14
Evaluate -20 + 29 - (4 + 27).
-22
Evaluate (-4 + 3 - -8) + (14 - 11 - 1).
9
-1 - (-12 - (-12 + -4 + 15))
10
What is the value of -5 + -5 + (5 - 6 - -2 - -6)?
-3
Calculate (0 - -3 - -6) + -12 + 5.
2
What is 118 + -116 + 18 + 1 + -1 + -7?
13
What is the value of (-2 - -1) + (11 - (-3 - -11)) + 0?
2
What is -23 + (18 - (-27 + 50))?
-28
Evaluate 26 - (-2 + 51 + -33).
10
Evaluate (-9 - -12 - -2) + -2 + -3 + 2.
2
(-1 - 3) + -1 - (726 - 711)
-20
What is the value of 7 - (-2 + 9 - -10) - 7?
-17
What is the value of -264 + 282 - (35 + 2)?
-19
Evaluate 5 + (-18 - -22) - (-4 - -8).
5
(-4 - -17) + -19 - (1 - 9 - -2)
0
What is 8 + 3 - (-5 + -6)?
22
What is the value of 41 - 44 - (14 + (2 - 0) + -5)?
-14
What is the value of (-4 - -9) + -34 + 21?
-8
3 - (1 + 1 - 2 - (-4 + -3))
-4
What is the value of (-5 - -2) + -19 + -54 + 60?
-16
-1 - 35 - (-3 + (7 - -1) + -12)
-29
What is 18 + (7 - 39) + 18?
4
What is the value of (42 - (5 + 17)) + -47?
-27
What is -9 - -15 - ((-5 - -24) + 2 + -6)?
-9
Calculate 16 + (9 - -4) + -20.
9
(-24 - -2) + (25 - -34 - 56)
-19
Calculate 14 + 1 + (9 - -2 - (14 + -3)).
15
2 - 0 - (-49 + 66 - (19 + -1))
3
What is the value of (21 - -4) + -17 + 1?
9
What is the value of -15 - (-16 + (0 - 0) - (-74 + 67))?
-6
Calculate 1 + (-20 - (-1 - 9)) + 3.
-6
Evaluate -10 + 24 + -31 + 15.
-2
What is (12 - -15) + -16 - (9 - 7) - 25?
-16
Evaluate 7 + -3 + -2 - (172 - 174).
4
What is the value of (-10 - 2) + (-6 - (7 - 11) - -8)?
-6
Calculate 9 - (-1 + 9 - 4 - 1).
6
Evaluate 23 + -40 + (-11 - -14).
-14
What is the value of (3 - (0 + -1)) + 906 + -876?
34
8 + -15 + 7 + 21 + -5 + 0
16
What is -20 + (9 + -1 - (-163 + 177))?
-26
-13 + (31 - -32) + -25
25
What is 34 - (15 + -1) - 27?
-7
What is the value of 14 + 8 + (8 - 11) + -4?
15
What is 24 + (-17 - (-20 - -11))?
16
-5 - 1 - (76 - 102) - (2 + 5)
13
What is (28 - ((1 + 5 - -4) + -4)) + 2?
24
What is -2 - (1 - 0) - -6 - (-23 + 15)?
11
What is (-3 - 1) + (-2 + -11 - -15) + 10?
8
Evaluate 1 + 10 - (2 + (1 - (7 - 5))).
10
What is 12 + (21 - 15) + -26?
-8
Evaluate (14 - (-6 + 12 + 1)) + -37.
-30
What is (-2 - -2) + (6 - (5 + 7)) + 18?
12
Calculate -33 - (-27 + 20 + -24).
-2
What is the value of 1 - (13 - 5) - (0 + (12 - -1))?
-20
Calculate (0 - -7) + 17 + (12 - 36) + 2.
2
Calculate 10 + (5 - (12 + 0 - (-11 - -12))).
4
Evaluate (168 - 170) + 0 + 17.
15
Calculate 34 - (3 - -71) - -52.
12
Evaluate (7 + -7 - 3) + (-1 - 2).
-6
Evaluate 21 + -11 + 4 - 19.
-5
Evaluate (-6 + -1 - (-273 - -260)) + -28.
-22
What is the value of (0 - 25) + (58 - 50)?
-17
-1 + 16 + (-46 + -40 - -73)
2
Calculate -8 + -5 + (1 - -3) - (-41 + 10).
22
Calculate (19 - (-4 + 4)) + (-24 - 5 - -33).
23
Evaluate 5 - -2 - (25 + (17 - 38)).
3
Evaluate (31 - 28) + -3 + 6.
6
Evaluate 24 + -4 + -12 + -9.
-1
-28 + 22 - (1 + 2) - 5
-14
Evaluate 3 + -37 - (39 + -104).
31
Evaluate -7 + 21 - 0 - (-16 - -15).
15
Calculate 4 + (-2 - -2) + -4 + -1 + 1.
0
What is 15 + -2 + -39 + 11?
-15
Evaluate (-14 + (11 - 0) - 7) + -3 + 30.
17
(-3 + (4 - 2) - -1) + -444 + 434
-10
(-3 - ((-4 - 0) + -3)) + -5
-1
Evaluate 11 + (9 - 11) + -21.
-12
What is the value of 5 + 8 + -29 - -21?
5
Evaluate -10 + -22 + 27 + 0.
-5
Evaluate (0 - 19) + (-228 - -245).
-2
Evaluate (19 - (-19 + 31 + 0)) + -31.
-24
20 - -1 - (-9 + 69 - 50)
11
What is the value of -18 + (11 - (-2 + 0))?
-5
What is 1 + 2 - (27 + -71 + 46)?
1
17 + -46 + (8 - (-11 + 7))
-17
Calculate (21 - -10) + (-10 - -13) + -7.
27
Calculate 32 - (1 - 3 - (-31 + 23)).
26
Calculate 15 - 1 - (121 + -116) - 4.
5
Calculate -828 + 820 - ((1 - 0) + 0 + 0).
-9
Evaluate -1 + (17 + (-5 - 1) + -8 - -16).
18
-21 - (-1 - -8 - (1 - -6 - 11))
-32
What is the value of 5 + -7 - (9 - 7) - (-8 - -10)?
-6
Evaluate (-8 - -1 - -5) + 2 + 0.
0
What is the value of -53 + (72 - 22) - (-8 + 1 + 0)?
4
Evaluate -2 + 0 + -2 + (-17 - (-1 - 3)).
-17
What is the value of (-2 - -3 - 4 - 26) + (19 - 13)?
-23
(-1 + 1 - -4) + (-58 - (52 + -114))
8
What is the value of 7 + (-6 + 17 + -7 - 6)?
5
What is the value of -133 + 126 + (-3 - (-7 + 2))?
-5
Calculate -3 + (-3 - 0) + (44 - 50).
-12
What is 8 - ((24 - 8) + -7)?
-1
What is the value of -5 + (-27 - -49) + 5?
22
40 + -8 + (7 - 24)
15
What is -11 + (21 - 11) + 7 - 28?
-22
What is the value of (12 - (34 - 12)) + 2 + -6?
-14
What is 38 + -30 - (32 - 6)?
-18
What is 30 + (0 - 15) + 122 + -120?
17
What is the value of (2 - 8) + 34 - 18?
10
What is -3 + (15 - 0) + 2?
14
Evaluate (2 - 3) + (-10 - -12) + 1 + -11.
-9
Calculate -23 - (6 + -13) - -2.
-14
What is 5 + -6 - (-2 + (0 - -2))?
-1
What is 16 + (9 + -2 - (6 - -2))?
15
-15 + -3 + (-15 - -21)
-12
-1 - -35 - (-1382 - -1412)
4
What is 15 + ((-5 - -4) + (1 - 0) - 2)?
13
What is the value of (1 - -3) + -3 - (1 + 5 + -8)?
3
What is 4 - 10 - (-6 - (-7 - 0)) - -26?
19
What is the value of (28 - (7 + -11)) + (-2 - 2 - -4)?
32
Calculate (-1 + 1 + 2 - -2) + (-225 - -213).
-8
What is (39 - 41) + (0 - 3 - 0 - 0)?
-5
What is the value of 21 + 6 + -10 + 6 - 6?
17
Evaluate (-24 - -14) + 23 + 0 + 0.
13
What is (7 - (-7 + -1 + 8)) + -1 - -8?
14
44 + (-7 - 24) - -1
14
What is -8 + 8 + -4 + -14 - -12?
-6
0 + -23 - (7 + -20)
-10
Calculate -4 - (6 + -1) - (1 + 1).
-11
-7 - (3 - 2 - (2 + -2 - -7))
-1
-2 - (-40 + 18 + -7)
27
32 - (-26 - -34) - 44
-20
What is (1 - 13) + 11 + -4?
-5
What is 19 - (-19 + 13 - -10)?
15
What is the value of 6 + (3 - 11 - 8)?
-10
Evaluate 3 - (2 - -1) - (-49 - -16 - -8).
25
What is the value of (13 + -15 + -2 - (-17 + 0)) + 9?
22
-27 + 35 + 36 + -71
-27
8 + 6 + (13 - 5) + -17 + 10
15
Evaluate -3 - -5 - -4 - (2 - (-49 - -23)).
-22
Evaluate 15 - (-2 + 14) - -8.
11
Evaluate -9 + 0 - (-1 - -56 - 43).
-21
(3 - 7) + (-2 - (-15 + 16)) + -2
-9
Calculate 2 + -3 + -3 - (28 + -2 + -13).
-17
Calculate 5 + 5 + (-2 - 5) + -8.
-5
Calculate -29 - (-2 + 8 + (-8 - -3) + -5).
-25
What is (28 - 16) + -1 + (-1 - 9)?
1
Evaluate 8 - (24 + -1 - (-51 - -64)).
-2
What is the value of (18 - -11 - 14) + -9?
6
Calculate -5 - (8 + -21 + -16).
24
Evaluate -5 + 1 - (-29 + 17 - -12).
-4
-29 + 31 + (4 - (-3 + 4))
5
Evaluate 11 + -17 + 13 + -5 + -1.
1
What is the value of (22 - 9 - 40) + (5 - 1)?
-23
Evaluate 24 + 0 - (13 - 18 - -21).
8
Evaluate 6 + -4 - (13 + 27 + -23).
-15
What is -12 + 16 - (-2 + 5 + -7)?
8
What is the value of 1 + -17 + -3 - (15 + -2)?
-32
What is (3 - -1) + (13 + -34 - -10)?
-7
Evaluate 28 - (32 + -11 + -5).
12
What is (6 - -2 - 2) + 181 + -173?
14
-6 - (-29 - (8 + (-5 - 11)))
15
What is the value of -13 + 12 + 4 + -13?
-10
-9 - 1 - -16 - (-10 - 5)
21
(1 - 18 - 10) + 11
-16
Evaluate 4 + -7 + -17 + (-7 + 9 - -2).
-16
-6 + 12 + (-6 - ((0 - -4) + 6))
-10
What is -27 + (-7 - 10 - -29)?
-15
What is (-10 - -21) + -7 + (-6 - -3)?
1
Evaluate (4 - (-8 + 5 + 12)) + -2.
-7
What is -9 - (2 + -10 - (15 - 15 - -18))?
17
Calculate 2 - (9 - (20 + -27)).
-14
What is the value of -28 - -58 - 36 - (-7 - 0)?
1
58 + (-44 - -13) - -13
40
What is -27 + (-21 - -56 - -15)?
23
Evaluate 35 - (19 + 11 + -1).
6
Evaluate 8 + (-51 - -26) + -2.
-19
Calculate (2 - -7) + -19 + 3 + 37 + -7.
23
What is (-1 - (16 - -11)) + 28?
0
(2 - (-6 + 13 + -10) - -1) + -5
1
What is -1430 + 1434 - (-1 + 39)?
-34
Calculate -26 - -23 - (-30 - -2).
25
(125 + -130 - (1 + 0)) + (-2 - 7)
-15
-42 + (51 - 23) + 28
14
(-7 - -3 - -3) + (-14 - -6) - 4
-13
Calculate 51 - 27 - 47 - -40.
17
What is 36 + -28 + 1 + -2 + -2 + 5?
10
(32 - 21) + -10 - -28
29
Calculate (0 - -47) + 16 + (-1 - (7 + 20)).
35
Calculate 23 + -21 + (0 - -13).
15
What is -5 - (13 + -4 + -12 + 18)?
-20
Evaluate 1 + 24 + -8 + -13.
4
(-22 - -6) + 3 + 10
-3
What is 1 + (6 - (-1 - -7)) + -1 + -2?
-2
Calculate -21 - (-6 - 8 - (-32 + 26)).
-13
What is (-324 - -339) + -5 + -1?
9
Calculate -1943 - -1906 - (0 - 26).
-11
What is the value of -2 - (-8 - (-17 - (6 + -11)))?
-6
What is the value of 0 + (0 - -3) + (-7 - 1)?
-5
What is (-2 - 17) + (-71 - -80)?
-10
What is the value of 8 + 7 + (7 - 4 - 5) + 2?
15
Evaluate -4 - (-7 - 3) - (17 - (0 - 0)).
-11
-3 + (-8 - (6 - (-5 + 1 + 26)))
5
Evaluate (2 - 2) + (-6 - -12 - 4) + 14.
16
15 - (15 - (10 - 6))
4
-1 + (0 - 2 - (21 - 29)